{"id":1875,"date":"2021-11-29T22:22:18","date_gmt":"2021-11-30T01:22:18","guid":{"rendered":"https:\/\/transparencia.dlsistemas.online\/camarasaogoncalo\/?page_id=1875"},"modified":"2022-04-18T10:20:58","modified_gmt":"2022-04-18T13:20:58","slug":"sessoespg","status":"publish","type":"page","link":"https:\/\/transparencia.dlsistemas.online\/camarasaogoncalo\/sessoespg\/","title":{"rendered":"Sess\u00f5espg"},"content":{"rendered":"\t\t<div data-elementor-type=\"wp-page\" data-elementor-id=\"1875\" class=\"elementor elementor-1875\" data-elementor-settings=\"{&quot;ha_cmc_init_switcher&quot;:&quot;no&quot;}\">\n\t\t\t\t\t\t<section class=\"elementor-section elementor-top-section elementor-element elementor-element-788e6e0 elementor-section-boxed elementor-section-height-default elementor-section-height-default\" data-id=\"788e6e0\" data-element_type=\"section\" data-settings=\"{&quot;_ha_eqh_enable&quot;:false}\">\n\t\t\t\t\t\t<div class=\"elementor-container elementor-column-gap-default\">\n\t\t\t\t\t<div class=\"elementor-column elementor-col-100 elementor-top-column elementor-element elementor-element-477b80f\" data-id=\"477b80f\" data-element_type=\"column\">\n\t\t\t<div class=\"elementor-widget-wrap elementor-element-populated\">\n\t\t\t\t\t\t<div class=\"elementor-element elementor-element-d231c90 elementor-widget elementor-widget-heading\" data-id=\"d231c90\" data-element_type=\"widget\" data-widget_type=\"heading.default\">\n\t\t\t\t<div class=\"elementor-widget-container\">\n\t\t\t\t\t<h1 class=\"elementor-heading-title elementor-size-default\">Sess\u00f5es<\/h1>\t\t\t\t<\/div>\n\t\t\t\t<\/div>\n\t\t\t\t<div class=\"elementor-element elementor-element-2bf025a elementor-widget elementor-widget-text-editor\" data-id=\"2bf025a\" data-element_type=\"widget\" data-widget_type=\"text-editor.default\">\n\t\t\t\t<div class=\"elementor-widget-container\">\n\t\t\t\t\t\t\t\t\t<p>Acontecem na forma do Regimento Interno da C\u00e2mara Municipal de Timbiras, todas as Segunda-Feiras, \u00e0s 19h, no Plen\u00e1rio.<br \/><em>Exceto as Sess\u00f5es Extraordin\u00e1rias<\/em><\/p>\t\t\t\t\t\t\t\t<\/div>\n\t\t\t\t<\/div>\n\t\t\t\t<section class=\"elementor-section elementor-inner-section elementor-element elementor-element-52243bd elementor-section-boxed elementor-section-height-default elementor-section-height-default\" data-id=\"52243bd\" data-element_type=\"section\" data-settings=\"{&quot;_ha_eqh_enable&quot;:false}\">\n\t\t\t\t\t\t<div class=\"elementor-container elementor-column-gap-default\">\n\t\t\t\t\t<div class=\"elementor-column elementor-col-100 elementor-inner-column elementor-element elementor-element-9696ab0\" data-id=\"9696ab0\" data-element_type=\"column\">\n\t\t\t<div class=\"elementor-widget-wrap elementor-element-populated\">\n\t\t\t\t\t\t<div class=\"elementor-element elementor-element-40815fc elementor-widget elementor-widget-jet-listing-grid\" data-id=\"40815fc\" data-element_type=\"widget\" data-settings=\"{&quot;columns&quot;:&quot;1&quot;}\" data-widget_type=\"jet-listing-grid.default\">\n\t\t\t\t<div class=\"elementor-widget-container\">\n\t\t\t\t\t<div class=\"jet-listing-grid jet-listing\"><div class=\"jet-listing-not-found jet-listing-grid__items\" data-nav=\"{&quot;enabled&quot;:true,&quot;type&quot;:&quot;scroll&quot;,&quot;more_el&quot;:null,&quot;query&quot;:{&quot;post_status&quot;:[&quot;publish&quot;],&quot;post_type&quot;:&quot;pub-sessoes&quot;,&quot;posts_per_page&quot;:&quot;100&quot;,&quot;paged&quot;:&quot;1&quot;,&quot;ignore_sticky_posts&quot;:&quot;1&quot;},&quot;widget_settings&quot;:{&quot;lisitng_id&quot;:1832,&quot;posts_num&quot;:100,&quot;columns&quot;:1,&quot;columns_tablet&quot;:1,&quot;columns_mobile&quot;:1,&quot;is_archive_template&quot;:&quot;&quot;,&quot;post_status&quot;:[&quot;publish&quot;],&quot;use_random_posts_num&quot;:&quot;&quot;,&quot;max_posts_num&quot;:9,&quot;not_found_message&quot;:&quot;Nenhuma Sess\\u00e3o Encontrada!&quot;,&quot;is_masonry&quot;:false,&quot;equal_columns_height&quot;:&quot;&quot;,&quot;use_load_more&quot;:&quot;yes&quot;,&quot;load_more_id&quot;:&quot;&quot;,&quot;load_more_type&quot;:&quot;scroll&quot;,&quot;use_custom_post_types&quot;:&quot;&quot;,&quot;custom_post_types&quot;:[],&quot;hide_widget_if&quot;:&quot;&quot;,&quot;carousel_enabled&quot;:&quot;&quot;,&quot;slides_to_scroll&quot;:&quot;1&quot;,&quot;arrows&quot;:&quot;true&quot;,&quot;arrow_icon&quot;:&quot;fa fa-angle-left&quot;,&quot;dots&quot;:&quot;&quot;,&quot;autoplay&quot;:&quot;true&quot;,&quot;autoplay_speed&quot;:5000,&quot;infinite&quot;:&quot;true&quot;,&quot;center_mode&quot;:&quot;&quot;,&quot;effect&quot;:&quot;slide&quot;,&quot;speed&quot;:500,&quot;inject_alternative_items&quot;:&quot;&quot;,&quot;injection_items&quot;:[],&quot;scroll_slider_enabled&quot;:&quot;&quot;,&quot;scroll_slider_on&quot;:[&quot;desktop&quot;,&quot;tablet&quot;,&quot;mobile&quot;],&quot;custom_query&quot;:false,&quot;custom_query_id&quot;:&quot;&quot;,&quot;_element_id&quot;:&quot;&quot;}}\" >Nenhuma Sess\u00e3o Encontrada!<\/div><\/div>\t\t\t\t<\/div>\n\t\t\t\t<\/div>\n\t\t\t\t\t<\/div>\n\t\t<\/div>\n\t\t\t\t\t<\/div>\n\t\t<\/section>\n\t\t\t\t\t<\/div>\n\t\t<\/div>\n\t\t\t\t\t<\/div>\n\t\t<\/section>\n\t\t\t\t<\/div>\n\t\t","protected":false},"excerpt":{"rendered":"<p>Sess\u00f5es Acontecem na forma do Regimento Interno da C\u00e2mara Municipal de Timbiras, todas as Segunda-Feiras, \u00e0s 19h, no Plen\u00e1rio.Exceto as Sess\u00f5es Extraordin\u00e1rias 21\/02\/2022 PRESENTES: 11 14\/02\/2022 PRESENTES: 8 07\/02\/2022 PRESENTES: 10 26\/01\/2022 PRESENTES: 9 27\/12\/2021 PRESENTES: 9 28\/12\/2021 PRESENTES: 10 20\/12\/2021 PRESENTES: 9 13\/12\/2021 PRESENTES: 16\/12\/2021 PRESENTES: 11 06\/12\/2021 PRESENTES: 11 29\/11\/2021 PRESENTES: 22\/11\/2021 PRESENTES: [&hellip;]<\/p>\n","protected":false},"author":4,"featured_media":0,"parent":0,"menu_order":0,"comment_status":"closed","ping_status":"closed","template":"","meta":{"footnotes":""},"class_list":["post-1875","page","type-page","status-publish","hentry"],"_links":{"self":[{"href":"https:\/\/transparencia.dlsistemas.online\/camarasaogoncalo\/wp-json\/wp\/v2\/pages\/1875"}],"collection":[{"href":"https:\/\/transparencia.dlsistemas.online\/camarasaogoncalo\/wp-json\/wp\/v2\/pages"}],"about":[{"href":"https:\/\/transparencia.dlsistemas.online\/camarasaogoncalo\/wp-json\/wp\/v2\/types\/page"}],"author":[{"embeddable":true,"href":"https:\/\/transparencia.dlsistemas.online\/camarasaogoncalo\/wp-json\/wp\/v2\/users\/4"}],"replies":[{"embeddable":true,"href":"https:\/\/transparencia.dlsistemas.online\/camarasaogoncalo\/wp-json\/wp\/v2\/comments?post=1875"}],"version-history":[{"count":24,"href":"https:\/\/transparencia.dlsistemas.online\/camarasaogoncalo\/wp-json\/wp\/v2\/pages\/1875\/revisions"}],"predecessor-version":[{"id":2289,"href":"https:\/\/transparencia.dlsistemas.online\/camarasaogoncalo\/wp-json\/wp\/v2\/pages\/1875\/revisions\/2289"}],"wp:attachment":[{"href":"https:\/\/transparencia.dlsistemas.online\/camarasaogoncalo\/wp-json\/wp\/v2\/media?parent=1875"}],"curies":[{"name":"wp","href":"https:\/\/api.w.org\/{rel}","templated":true}]}}